by 34.
20
What is the remainder when 44000 is divided by 7?
5
What is the remainder when 209 is divided by 70?
69
Calculate the remainder when 85 is divided by 58.
27
What is the remainder when 153 is divided by 87?
66
Calculate the remainder when 74 is divided by 35.
4
Calculate the remainder when 259 is divided by 17.
4
What is the remainder when 20 is divided by 1?
0
Calculate the remainder when 620 is divided by 3.
2
Calculate the remainder when 286 is divided by 26.
0
Calculate the remainder when 41 is divided by 5.
1
What is the remainder when 672 is divided by 52?
48
Calculate the remainder when 4727 is divided by 43.
40
What is the remainder when 551 is divided by 37?
33
What is the remainder when 6342 is divided by 9?
6
What is the remainder when 197 is divided by 29?
23
What is the remainder when 376 is divided by 103?
67
What is the remainder when 406 is divided by 195?
16
Calculate the remainder when 246 is divided by 18.
12
Calculate the remainder when 831 is divided by 76.
71
Calculate the remainder when 2870 is divided by 941.
47
Calculate the remainder when 208 is divided by 15.
13
What is the remainder when 158 is divided by 37?
10
What is the remainder when 188 is divided by 9?
8
What is the remainder when 291 is divided by 74?
69
Calculate the remainder when 187 is divided by 87.
13
Calculate the remainder when 306 is divided by 52.
46
Calculate the remainder when 1169 is divided by 41.
21
Calculate the remainder when 713 is divided by 39.
11
Calculate the remainder when 437 is divided by 9.
5
Calculate the remainder when 293 is divided by 137.
19
What is the remainder when 163 is divided by 85?
78
What is the remainder when 806 is divided by 188?
54
Calculate the remainder when 117 is divided by 45.
27
What is the remainder when 309 is divided by 45?
39
What is the remainder when 1591 is divided by 94?
87
Calculate the remainder when 207 is divided by 70.
67
What is the remainder when 4539 is divided by 9?
3
What is the remainder when 10411 is divided by 1300?
11
Calculate the remainder when 173 is divided by 81.
11
What is the remainder when 675 is divided by 8?
3
What is the remainder when 443 is divided by 173?
97
What is the remainder when 671 is divided by 136?
127
Calculate the remainder when 66 is divided by 9.
3
What is the remainder when 224 is divided by 60?
44
Calculate the remainder when 5109 is divided by 2548.
13
What is the remainder when 10 is divided by 9?
1
Calculate the remainder when 3444 is divided by 36.
24
Calculate the remainder when 208 is divided by 64.
16
Calculate the remainder when 262 is divided by 7.
3
Calculate the remainder when 119 is divided by 31.
26
Calculate the remainder when 9358 is divided by 90.
88
Calculate the remainder when 45 is divided by 33.
12
Calculate the remainder when 15737 is divided by 122.
121
What is the remainder when 79 is divided by 14?
9
Calculate the remainder when 1977 is divided by 20.
17
What is the remainder when 351 is divided by 32?
31
Calculate the remainder when 444 is divided by 41.
34
What is the remainder when 3281 is divided by 4?
1
Calculate the remainder when 62 is divided by 23.
16
Calculate the remainder when 277 is divided by 56.
53
What is the remainder when 1874 is divided by 20?
14
Calculate the remainder when 84 is divided by 35.
14
Calculate the remainder when 1420 is divided by 83.
9
Calculate the remainder when 1385 is divided by 1384.
1
Calculate the remainder when 1157 is divided by 19.
17
Calculate the remainder when 238 is divided by 15.
13
Calculate the remainder when 176 is divided by 26.
20
What is the remainder when 160 is divided by 4?
0
Calculate the remainder when 7702 is divided by 72.
70
What is the remainder when 2015 is divided by 17?
9
What is the remainder when 193 is divided by 32?
1
Calculate the remainder when 13780 is divided by 1377.
10
Calculate the remainder when 93 is divided by 24.
21
What is the remainder when 128 is divided by 19?
14
Calculate the remainder when 306 is divided by 60.
6
What is the remainder when 326 is divided by 157?
12
What is the remainder when 90 is divided by 23?
21
Calculate the remainder when 320 is divided by 27.
23
Calculate the remainder when 548 is divided by 533.
15
What is the remainder when 232 is divided by 80?
72
Calculate the remainder when 387 is divided by 136.
115
What is the remainder when 61 is divided by 7?
5
Calculate the remainder when 270 is divided by 73.
51
Calculate the remainder when 199 is divided by 103.
96
What is the remainder when 3863 is divided by 184?
183
Calculate the remainder when 834 is divided by 19.
17
Calculate the remainder when 74 is divided by 46.
28
What is the remainder when 523 is divided by 74?
5
Calculate the remainder when 94 is divided by 11.
6
What is the remainder when 2266 is divided by 9?
7
Calculate the remainder when 1121 is divided by 31.
5
Calculate the remainder when 172 is divided by 74.
24
What is the remainder when 473 is divided by 28?
25
Calculate the remainder when 380 is divided by 375.
5
Calculate the remainder when 2680 is divided by 7.
6
What is the remainder when 136 is divided by 115?
21
Calculate the remainder when 2724 is divided by 109.
108
What is the remainder when 620 is divided by 39?
35
Calculate the remainder when 304 is divided by 7.
3
Calculate the remainder when 665 is divided by 332.
1
Calculate the remainder when 170 is divided by 43.
41
What is the remainder when 84 is divided by 77?
7
What is the remainder when 23 is divided by 6?
5
Calculate the remainder when 776 is divided by 175.
76
Calculate the remainder when 3351 is divided by 39.
36
Calculate the remainder when 111 is divided by 104.
7
Calculate the remainder when 1526 is divided by 762.
2
Calculate the remainder when 127 is divided by 40.
7
Calculate the remainder when 1379 is divided by 23.
22
What is the remainder when 2903 is divided by 13?
4
What is the remainder when 180 is divided by 23?
19
What is the remainder when 1256 is divided by 30?
26
What is the remainder when 52 is divided by 2?
0
What is the remainder when 403 is divided by 189?
25
What is the remainder when 118 is divided by 16?
6
Calculate the remainder when 1451 is divided by 61.
48
Calculate the remainder when 192 is divided by 42.
24
What is the remainder when 453 is divided by 19?
16
Calculate the remainder when 557 is divided by 28.
25
What is the remainder when 1917 is divided by 12?
9
What is the remainder when 11 is divided by 6?
5
What is the remainder when 1077 is divided by 27?
24
What is the remainder when 1639 is divided by 132?
55
What is the remainder when 64 is divided by 36?
28
What is the remainder when 1624 is divided by 44?
40
What is the remainder when 776 is divided by 111?
110
What is the remainder when 494 is divided by 486?
8
What is the remainder when 1119 is divided by 366?
21
Calculate the remainder when 21821 is divided by 23.
17
What is the remainder when 443 is divided by 237?
206
What is the remainder when 843 is divided by 42?
3
Calculate the remainder when 16 is divided by 5.
1
Calculate the remainder when 516 is divided by 47.
46
Calculate the remainder when 2829 is divided by 18.
3
What is the remainder when 1180 is divided by 1146?
34
What is the remainder when 228 is divided by 29?
25
What is the remainder when 37 is divided by 18?
1
Calculate the remainder when 7246 is divided by 658.
8
Calculate the remainder when 321 is divided by 81.
78
Calculate the remainder when 9940 is divided by 4966.
8
What is the remainder when 73 is divided by 14?
3
Calculate the remainder when 1835 is divided by 27.
26
Calculate the remainder when 179 is divided by 97.
82
What is the remainder when 74 is divided by 18?
2
Calculate the remainder when 31 is divided by 11.
9
What is the remainder when 154 is divided by 39?
37
Calculate the remainder when 95 is divided by 31.
2
Calculate the remainder when 181 is divided by 47.
40
What is the remainder when 74 is divided by 39?
35
What is the remainder when 3338 is divided by 159?
158
Calculate the remainder when 15333 is divided by 374.
373
What is the remainder when 2204 is divided by 34?
28
What is the remainder when 6069 is divided by 44?
41
Calculate the remainder when 17007 is divided by 81.
78
Calculate